+ -6. Suppose z = -x + 1, 2*v + 2*v + 3*x = 27. Suppose -7*b + 5*b + 18 = -3*y, -4*y + 16 = 0. Calculate the highest common factor of b and v.
3
Suppose -14 = -q - 3*a + 19, 4*q - 172 = -2*a. Suppose q*l = 42*l + 72. What is the greatest common divisor of l and 96?
24
Let z(y) = -29*y**2 - 2*y + 2. Let v be z(1). Let j = 15 + v. Let h be (-6)/j + (-277)/(-7). What is the highest common factor of 8 and h?
8
Let m be (90/12)/(-3)*8/(-10). Suppose -m*n - 2*n = -28. Let k = 55 - 34. What is the greatest common divisor of k and n?
7
Let m be (-15)/(-6)*((-48)/(-15) - 4). Let l be (-7 + 8)*(-1 - m). Calculate the greatest common factor of 3 and l.
1
Suppose 2*w - 22 = 328. Suppose 50 = 7*u - 5*u. Calculate the highest common divisor of u and w.
25
Suppose 162*x + 378 = 169*x. Calculate the highest common divisor of x and 378.
54
Suppose 2*a - 18 = -0*a. Let i be 135/9*(-2 - 0). Let z = -24 - i. Calculate the greatest common factor of a and z.
3
Let o be -12 - (-18)/(144/4760). What is the greatest common divisor of o and 22?
11
Suppose 397 - 1342 = -21*n. Suppose -u + 7 = 2*h, 4*u - 26 = -5*h + 14. What is the greatest common factor of u and n?
15
Let g be (67 + -76)/(1 + (2 - 4)). Suppose -2*m = -3*m + 45. What is the highest common divisor of g and m?
9
Let q(j) = -2*j + 32. Let t be q(15). Suppose t*g = -2*g + 16. Suppose 0 = -2*n + 8, g*a + a + n - 59 = 0. What is the highest common divisor of a and 11?
11
Let k be (-14)/(-6) - 16/(-24). Suppose -k*u - 30 = -8*u. What is the highest common divisor of u and 3?
3
Suppose -5*o = 25, -19 = 4*q + o - 86. What is the greatest common factor of 99 and q?
9
Suppose 0 = 3*g - 0 - 9. Let r = -4 + 5. Calculate the highest common factor of g and r.
1
Let y be 0 - -1 - 1*(7 - 7). What is the greatest common factor of 33 and y?
1
Let i(p) = p**3 + 3*p**2 - 2*p + 2. Let l be i(-4). Let y = 14 + l. Suppose 2*n = -42 + 170. What is the highest common factor of y and n?
8
Let x(w) = 3*w**2 + w. Let r(k) = 24*k**2 + 1. Let a be r(-1). Suppose -i + a = -6*i. Let o be x(i). What is the greatest common factor of 28 and o?
14
Suppose -1050 = -5*s - 2*u, -414 = 4*s - 6*s - 2*u. Suppose 3*o - s = -2*x + o, -5*o = 2*x - 206. Calculate the greatest common divisor of x and 18.
18
Suppose 2*p - 8 + 0 = 2*b, -3*p + 12 = -4*b. Suppose v - 8 = p. Suppose -5*d + 649 = -11. Calculate the greatest common divisor of v and d.
12
Let l = -127 - -59. Let h = l - -192. What is the highest common factor of h and 31?
31
Suppose 8 = -6*a + 32. Suppose 4*b = -a*o + b + 693, b = -5*o + 858. Suppose 0 = -3*l + 4*l - 19. What is the greatest common factor of l and o?
19
Let w(a) = 5*a**2 + 6*a + 21. Let v be w(-5). Suppose v*p - 140 = 112*p. Calculate the greatest common divisor of p and 70.
35
Let s(c) = -c**3 - 20*c**2 + 20*c + 5. Let b be s(-21). Calculate the greatest common factor of 962 and b.
26
Suppose 3*t - 3*z - 39 = 30, -4*t + 95 = -3*z. Calculate the greatest common factor of t and 26.
26
Suppose 46*r - 26*r - 1600 = 0. What is the highest common divisor of 64 and r?
16
Suppose 4*r - 6 = 5*s, -4*s = -7*s - r - 7. Let z = s - -1. Let i be 2 + z/2*-4. What is the highest common factor of 4 and i?
4
Suppose 5*i + 6 = 11*i. Suppose -z + 6 - i = 0. What is the greatest common divisor of z and 1?
1
Suppose -9*d + 29 = c - 4*d, -3*d + 15 = 0. Calculate the highest common factor of c and 6.
2
Suppose -51*c = -721 - 554. Let r(i) = 2*i**3 + i**2 + 3*i + 3. Let k be r(3). What is the highest common factor of k and c?
25
Let d(j) = -4*j**2 + 2 - 41*j**3 + 6*j**2 + 82*j - 79*j. Let h be d(-1). Let g be (-31)/(-5) + (-1)/5. What is the highest common divisor of h and g?
6
Let o be 3*((-9)/45 - 496/(-30)). Let g = o - 41. Calculate the highest common factor of g and 44.
4
Let r = 1643 + -1617. What is the highest common factor of r and 34?
2
Suppose 0 = -12*b + 40 - 4. Let t be 76/b + 3 + 12/18. What is the greatest common factor of 29 and t?
29
Let f be (-1)/1 + (145 - -1356). Calculate the highest common divisor of 12 and f.
12
Let q(j) = j**3 + 38*j**2 + 36*j + 161. Let w be q(-37). Let t = -2 + 20. What is the greatest common divisor of t and w?
18
Let n(x) = -18*x. Let u be n(-2). Suppose -5*h + 118 = -4*c, c - 4*c = -3*h + 87. Let b be 18/((c/12)/(-3)). What is the greatest common divisor of b and u?
12
Suppose t - 95 = 5*a, -4*a + 122 = 2*t - t. Let z = 523 + -358. What is the greatest common divisor of t and z?
55
Suppose -18*u + 49 = -1751. What is the highest common divisor of u and 2500?
100
Let d be 1 + 14*1/2. Let i = -132 - -134. Let u be -2*i/(-14) - (-614)/7. Calculate the highest common factor of u and d.
8
Suppose 0 = 5*n + 4*h - 981, 138 + 61 = n - 2*h. Suppose 0 = 3*d - 6, -245 = -4*r - d + n. Calculate the highest common factor of r and 10.
10
Suppose -3*u - u = -4. Let h be (-16 - 2)*(u + 16/(-3)). Let a(x) = x**2 + x + 52. Let o be a(0). Calculate the highest common divisor of h and o.
26
Let p be 7 + (-1 - -2)*1. Let k be -716*(18/p)/(-3). Suppose 3*x - 3*w = k, -3*x + 914 = -4*w + 380. What is the greatest common factor of 26 and x?
26
Let w(d) = 26*d**2 - 92*d - 14. Let v be w(5). What is the highest common divisor of 55 and v?
11
Let u be (2 - 2) + (25 - 3). Let g = -34 + 89. What is the highest common divisor of u and g?
11
Let f(k) = -k**2 + 15*k - 10. Let r be f(7). Suppose 2*c = 8*v - 4*v + 148, 4*v - 3*c + 144 = 0. Let s = v + 154. What is the highest common divisor of s and r?
23
Suppose -4*w + v = -143, 2*v + 6 - 8 = 0. What is the greatest common divisor of 372 and w?
12
Let f be (7 - 5) + ((-42)/(-1) - -4). What is the highest common factor of f and 48?
48
Let a(p) = -p**3 + 9*p**2 - 10*p + 7. Let w be a(7). Suppose 297 + 189 = 6*h. Let y = 151 - h. Calculate the highest common divisor of y and w.
35
Let c = -12 - -24. Let z be (-1)/(-2*3/c). Let o be (z + -7)/(2/(-6)). Calculate the greatest common factor of 5 and o.
5
Let v = -404 - -533. What is the highest common divisor of 172 and v?
43
Suppose -3*u - 9 - 10 = -4*b, -b = -4*u - 8. What is the greatest common factor of b and 196?
4
Suppose -4 = u, w + 5*u = 123 + 97. What is the highest common factor of w and 15?
15
Suppose 128 = -8*a + 24*a. Let q = 84 + -60. What is the greatest common divisor of a and q?
8
Let t(q) = 3*q**2 + 3*q. Let n be t(-3). Let y be 304/72 - 4/n. Suppose -f + 3*b + 2*b + 17 = 0, y*b + 14 = f. What is the greatest common factor of f and 3?
1
Let y = -5 + 9. Suppose c = y*c. Suppose c = -3*f, 2*f = z - 27 + 4. What is the highest common factor of z and 69?
23
Suppose -2*v - v = -3. Let a be v/(-2) - 275/(-10). Suppose 5*k - a = -m, 5*m - 4*k + 1 + 9 = 0. What is the highest common divisor of 14 and m?
2
Let g(t) = -47*t - 2. Let p be g(-2). Let z = 38 + p. What is the greatest common divisor of 26 and z?
26
Suppose 16*c + 296 - 504 = 0. Calculate the greatest common factor of 3003 and c.
13
Suppose 4*g - 4*l - 135 = -5*l, 97 = 3*g + 5*l. Let u be 238/98 - (-3)/(-7). What is the greatest common factor of g and u?
2
Let q be (-6)/15 + (-52)/(-5). Suppose 0 = 4*l + l - 350. Let j be (-2 - 2/(-2))/((-7)/l). What is the greatest common factor of j and q?
10
Suppose -8*m + 19*m = 242. Let x(y) = -5*y**2 + 8*y - 3. Let f be x(5). Let v be (-4)/m - 4416/f. What is the greatest common divisor of v and 10?
10
Let m = -127 + 1963. Calculate the greatest common divisor of m and 17.
17
Let l = -5823 - -5955. Suppose 21 + 39 = 5*m. What is the greatest common factor of l and m?
12
Let f be 4/(-6)*(-9)/(-3)*-6. Suppose 4*s = 2*t + 380, 4*t = 4*s - 59 - 317. What is the highest common factor of s and f?
12
Let s(y) = y**3 + y + 1. Let w(h) = 3*h**3 - 16*h**2 + 3*h + 5. Let f(x) = -4*s(x) + w(x). Let q be f(-16). Calculate the highest common factor of q and 187.
17
Let l = -191 - -233. Calculate the greatest common factor of l and 56.
14
Let m be (40/(-12))/(4/(-18)). Let g be -1*6*m/(-10). Suppose -5*d = -s - 41, 0 = 3*s + 4 - 16. Calculate the greatest common divisor of g and d.
9
Let v(m) = -2*m - 30. Let x be v(-27). Suppose i + 60 = 2*i. What is the highest common divisor of x and i?
12
Suppose 4*z = -4*z + 88. What is the highest common factor of 187 and z?
11
Let s(j) = -j. Let r be s(5). Let g(c) = -2*c + 4. Let y be g(r). What is the 